ded by (-14)/(-21) + (-176)/(-6)?
10
Let y(m) = -60*m**3 - 4*m**2 - 10*m - 7. Calculate the remainder when 325 is divided by y(-1).
30
Suppose -u = 4*c - 40, 0*u - 102 = -3*u - 3*c. Suppose 0 = -b - f - 6, -5*f + 7 = u. Calculate the remainder when 2*6*((-2)/4)/b is divided by 2.
0
Suppose 2*u + 6 = 0, -4*u = 3*p + 65 - 164. Suppose -f + 28 = -42. Calculate the remainder when f is divided by p.
33
Let t be (-55)/(-22)*18/(-5)*3. What is the remainder when 1216/3 + t/81 is divided by 37?
35
Let g(a) = a**3 - 13*a**2 + 36*a - 1. Let b be g(10). Suppose 0 = -7*f - 24 + b. What is the remainder when 43 is divided by f?
3
Let l(i) = 13*i**2 - 3*i - 3. Let y(j) = 4*j**2 - j - 1. What is the remainder when y(6) is divided by l(2)?
8
Suppose -2*n = 16, 2*b + 41*n = 42*n + 15702. Calculate the remainder when b is divided by 10.
7
Let o(j) = j**3 - 19*j**2 + 5. Let m be o(19). Suppose 35 = m*s - 35. Let v = -43 - -75. Calculate the remainder when v is divided by s.
4
Let w = -118 + 154. Suppose w - 10 = 2*v. What is the remainder when 58 is divided by v?
6
Suppose 41*u = 26*u + 375. Suppose f = -f + 430. Let a = -118 + f. Calculate the remainder when a is divided by u.
22
Suppose 5*n + 11*n - 13*n = 1656. Calculate the remainder when n is divided by 80.
72
Suppose 2*v + 368 = 2*q, -2*v + q = 6*q + 333. Let d = v - -304. Suppose i + 172 = 5*i. Calculate the remainder when d is divided by i.
39
Suppose 110*b - 6952 = 22*b. Suppose 2*o - 7 = 9. Calculate the remainder when b is divided by o.
7
Suppose 68 = -4*s + 476. Let h = -128 - -134. Calculate the remainder when s is divided by (0 - -18) + 2 + h.
24
Suppose -4*g + 6100 = -4*m, -367*g + 372*g = 4*m + 7627. What is the remainder when g is divided by 43?
22
Suppose 3*a + 88 = 5*a + 4*f, -4*a - 3*f = -156. Calculate the remainder when ((-1647)/a)/(((-63)/48)/7) is divided by 19.
16
Let h(z) = 2*z**2 + 63*z - 167. Calculate the remainder when 1032 is divided by h(-34).
0
Let o(i) = i**3 + 21*i**2 + 26*i + 583. What is the remainder when o(-20) is divided by 67?
61
Let v(p) = 10*p + 30. Suppose 78 = h + 5*j, -119 - 141 = -3*h - 2*j. Calculate the remainder when h is divided by v(-2).
8
Let x = 8 + -6. What is the remainder when (x - (-4 - 27)) + -1*1 is divided by 5*10/25 + 9?
10
Let q = -28 - -91. Suppose 0 = -2*w - 9517 + 10775. Calculate the remainder when w is divided by q.
62
Suppose -2*j - 234 = -5*b + 2*j, 4*j = -3*b + 134. Let x = -1727 - -1835. Let o = x - b. What is the remainder when o is divided by 32?
30
Let x = 179 - 90. Suppose -2*y - 5 + x = 0. Calculate the remainder when 82 is divided by y.
40
Let o = -4138 - -4149. What is the remainder when 203 is divided by o?
5
Suppose 5*t = 24 + 26. Suppose -t*o = -5*o - 505. Calculate the remainder when o is divided by 13.
10
Let a(c) = 38*c**2 + 6*c - 8. Let b be a(2). Let o = -118 + b. Let f(n) = n**3 + 15*n**2 + 8*n + 28. Calculate the remainder when f(-14) is divided by o.
36
Suppose -4 = 4*u - 12. Suppose n + 3*h + 1 = h, 5*n = -u*h + 11. Suppose 3*j = -w + 52, 216 = 3*w - 0*j - n*j. Calculate the remainder when w is divided by 34.
33
Suppose 3*q - 76 = q. Suppose -489*o = -484*o, -75 = -5*n - 5*o. Calculate the remainder when q is divided by n.
8
Let w(y) = -3*y - 66 - 6*y**2 + 59 + 9*y**2 + y**2. Suppose -4*c + a + 45 = 0, -16 = -2*c + a + 5. What is the remainder when w(4) is divided by c?
9
Suppose 10*z = -0*z - 6*z. Suppose z = 19*c - 6*c - 858. Calculate the remainder when c is divided by 18.
12
Suppose 4*h = -3*x - 5514, 2*h = 2*x + x - 2766. Let f be h/(-33) - (4 - (-138)/(-33)). Let k = 52 - f. What is the remainder when 37 is divided by k?
7
Suppose -1535*w + 34 + 42 = -1516*w. What is the remainder when 1935 is divided by w?
3
Suppose -2*q + 5*f + 131 = 19, -2*q = 4*f - 76. What is the remainder when 62 is divided by 3/6*-2 + q/1?
17
Let a = -4172 - -4187. Suppose -3*n + 309 = -z, -n + 2*n = 3*z + 111. Calculate the remainder when n is divided by a.
12
Let l(g) = 6*g**2 + 121*g + 27. What is the remainder when 208 is divided by l(-20)?
5
Let g be (-3)/(3/(-458)) - 1. Let p = g + -437. Calculate the remainder when 134 is divided by p.
14
Let z be 9 + 20 - (-1 + 2). Let m be ((-72)/z)/(1/(-7)). Calculate the remainder when 38 is divided by -4 + m*(-5)/(-5).
10
Let t(z) = -25*z**2 + 5*z - 8. Let m be t(3). Let h = 256 + m. Calculate the remainder when h is divided by 30.
8
Let z(q) = 9*q + 75. Let m be z(-8). Suppose -8*g = m*g - 220. Calculate the remainder when 115 is divided by g.
15
Suppose 3*c + 751 = 2*n - 6475, -n = -3*c - 3613. Calculate the remainder when n is divided by 139.
138
Suppose -r + 0*v - 4*v = -25, -4*r + 120 = -4*v. Suppose 457*j + 7700 - 15792 = 418*j + 25760. What is the remainder when j is divided by r?
27
Suppose 43 = y + 4*c, -249 = -2*y - 3*y - 3*c. Let o be (y + (3 - 3))/(1 - 0). Let z = o + -19. What is the remainder when z is divided by 11?
10
Suppose g = -2*h + 3*g + 1146, 2*h + 3*g - 1166 = 0. Calculate the remainder when h is divided by 254.
69
Let x = -12087 + 13501. What is the remainder when x is divided by 182?
140
Suppose 454 = 11*k + 190. What is the remainder when 5039 is divided by k?
23
Let q(r) = 28*r. What is the remainder when (-4)/(-9) + (683767/207)/31 is divided by q(1)?
23
Suppose -3*p + 162 = 15*p. Suppose 29 - 47 = -p*q. Let x = -10 - -18. What is the remainder when x is divided by q?
0
Let w = 60 - 256. Let i = 211 + w. What is the remainder when 20 is divided by i?
5
Let w = 32 - -226. Let s = 363 - w. Calculate the remainder when s is divided by 18.
15
Suppose -d + 12 - 62 = 3*o, 2*o = 4*d - 10. Calculate the remainder when o/(-90)*(110 + 4) is divided by 5.
4
Calculate the remainder when 370 is divided by 77/(-28) - (-1197)/28.
10
Suppose 0 = 4*q + 3*c - 137, -163*q + 57 = -162*q + 4*c. Calculate the remainder when 2462 is divided by q.
26
Let j be -4*(-6 - -5) - 281. Let a = -219 - j. What is the remainder when 109 is divided by a?
51
Suppose -61 - 65 = -9*m. Suppose 611 - 3719 = -m*x. Calculate the remainder when x is divided by 5.
2
Let v(q) = 32*q**2 + 947*q - 5697. What is the remainder when 2278 is divided by v(6)?
4
Let z = 8248 - 8239. Calculate the remainder when 6/9 - (-1460)/15 is divided by z.
8
Suppose 0 = -2*y - 5*c + 8, 53*c + 48 = 2*y + 48*c. Let n = 44 + -3. What is the remainder when n is divided by y?
13
Let n = -2957 - -3942. Calculate the remainder when n is divided by 38.
35
What is the remainder when (1 + -289)*3/(-6) is divided by ((-57)/285)/((-3)/435)?
28
Let c = -270 - -1165. Let z = 1493 - c. Calculate the remainder when z is divided by 50.
48
Let o = 965 - 954. Let w = -98 + 157. Let j = w + -39. What is the remainder when j is divided by o?
9
Suppose -23*z = -18*z + 4*s + 8, -4*z - 10 = 2*s. Calculate the remainder when 3424/18 - z/(-18) is divided by 91.
8
Suppose -m + 1470 = 5*d, 18*m - 13*m = d - 294. Calculate the remainder when d is divided by 64.
38
Suppose 0 = 145*r - 46*r - 35343. What is the remainder when r is divided by 106?
39
Calculate the remainder when 1094 is divided by 3*(-2248)/120*-5.
251
Let h = -275 - -287. Let r = -39 - -85. What is the remainder when r is divided by h?
10
Let p = 104045 - 103987. Calculate the remainder when ((-143)/3)/(2/(-12)) is divided by p.
54
Suppose -f + 336 = 2*b, -393*f + 388*f = 4*b - 666. What is the remainder when 822 is divided by b?
146
Let l(q) = 3*q**2 + 2*q - 1. Suppose -5253 - 25317 = -1016*a + 49694. Calculate the remainder when a is divided by l(-3).
19
Let f(y) = 2*y + 66. Let l(d) = 3*d + 98. Let q(c) = -7*f(c) + 5*l(c). What is the remainder when 152 is divided by q(-17)?
9
What is the remainder when 6/39 - (-2351)/13 is divided by ((-225)/(-375))/(9/345)?
20
What is the remainder when 736 is divided by 1120/16 + (-1 - -5)?
70
Suppose -16*d + 375 = -3625. What is the remainder when d is divided by ((-12)/(-1))/(36/108)?
34
Suppose -21*s - 54 = -19*s. Let a = -9 - s. Let d = -254 + 360. What is the remainder when d is divided by a?
16
Let j be (-1)/(-1)*(44 + -5). Suppose -3*h = -j + 9. What is the remainder when 168/20 + 6/h is divided by 4?
1
Let a(b) = -2*b + 30. Let p be a(-5). What is the remainder when 1 + (p/5 - -6) is divided by 8?
7
Suppose 5*o - 237 = g + 762, 0 = -3*o - 5*g + 5